2) to base 12.
-4
Convert 4 (base 5) to base 8.
4
What is -5 (base 14) in base 10?
-5
Convert 0 (base 9) to base 15.
0
What is -7 (base 13) in base 3?
-21
What is -6 (base 9) in base 16?
-6
What is -6 (base 10) in base 8?
-6
What is 2 (base 4) in base 16?
2
Convert -15c (base 14) to base 3.
-101022
Convert 1 (base 4) to base 13.
1
Convert 127 (base 10) to base 4.
1333
365 (base 10) to base 8
555
What is -1 (base 16) in base 8?
-1
What is -73 (base 10) in base 15?
-4d
What is 111 (base 2) in base 13?
7
What is -103 (base 11) in base 14?
-8c
-4 (base 16) to base 11
-4
-110 (base 3) to base 14
-c
2 (base 10) to base 6
2
Convert 13 (base 5) to base 8.
10
What is 85 (base 12) in base 16?
65
Convert 2 (base 16) to base 6.
2
-1223 (base 4) to base 16
-6b
What is -2 (base 15) in base 4?
-2
Convert 15c (base 14) to base 12.
1b2
Convert 10011010 (base 2) to base 12.
10a
What is -12 (base 3) in base 10?
-5
Convert -2434 (base 5) to base 8.
-561
-202 (base 3) to base 16
-14
Convert -19 (base 10) to base 12.
-17
10130 (base 4) to base 13
18b
-24 (base 14) to base 8
-40
1 (base 3) to base 5
1
Convert -5 (base 12) to base 5.
-10
What is -10 (base 16) in base 11?
-15
Convert -6 (base 9) to base 8.
-6
Convert -11110 (base 2) to base 9.
-33
Convert 1030 (base 5) to base 6.
352
2 (base 16) to base 3
2
Convert 45 (base 6) to base 13.
23
Convert -152 (base 11) to base 9.
-217
14 (base 13) to base 12
15
What is 1 (base 11) in base 10?
1
What is -a9 (base 12) in base 11?
-108
What is 4 (base 16) in base 3?
11
What is 2 (base 7) in base 4?
2
22 (base 4) to base 6
14
Convert 0 (base 16) to base 4.
0
-11 (base 3) to base 6
-4
Convert 4 (base 12) to base 11.
4
What is 102 (base 4) in base 13?
15
What is -18 (base 9) in base 10?
-17
What is 8 (base 15) in base 14?
8
-2 (base 15) to base 13
-2
What is -1 (base 6) in base 9?
-1
Convert -16 (base 15) to base 13.
-18
-62 (base 11) to base 7
-125
What is 38 (base 9) in base 13?
29
-1042 (base 5) to base 7
-300
What is 35 (base 8) in base 6?
45
28 (base 9) to base 3
222
112 (base 6) to base 12
38
Convert 3 (base 8) to base 9.
3
What is 5 (base 12) in base 6?
5
What is -1 (base 15) in base 16?
-1
Convert -76 (base 14) to base 7.
-206
What is 37 (base 9) in base 10?
34
What is -100222 (base 3) in base 5?
-2034
10 (base 4) to base 6
4
Convert -158 (base 9) to base 8.
-206
Convert -3 (base 11) to base 8.
-3
Convert -14 (base 12) to base 3.
-121
15 (base 8) to base 5
23
Convert 30 (base 15) to base 5.
140
What is -76 (base 11) in base 15?
-58
What is c9 (base 15) in base 7?
360
Convert -1 (base 6) to base 13.
-1
Convert 0 (base 3) to base 9.
0
Convert -8 (base 13) to base 10.
-8
What is 4 (base 16) in base 13?
4
Convert -215 (base 7) to base 4.
-1232
Convert 22 (base 4) to base 15.
a
What is -153 (base 7) in base 2?
-1010111
13 (base 15) to base 3
200
Convert -100101 (base 2) to base 7.
-52
208 (base 9) to base 13
101
Convert -35 (base 12) to base 3.
-1112
Convert -1313 (base 4) to base 8.
-167
Convert 15 (base 14) to base 11.
18
1 (base 16) to base 13
1
What is -21 (base 8) in base 6?
-25
Convert -33 (base 5) to base 6.
-30
What is 0 (base 2) in base 6?
0
Convert 1001 (base 2) to base 4.
21
What is -311 (base 4) in base 5?
-203
What is -58 (base 9) in base 16?
-35
11 (base 10) to base 15
b
-20 (base 10) to base 3
-202
Convert 8 (base 16) to base 14.
8
Convert -6 (base 10) to base 2.
-110
Convert 2 (base 7) to base 10.
2
112 (base 8) to base 15
4e
What is -5f (base 16) in base 13?
-74
Convert 101 (base 7) to base 6.
122
d (base 14) to base 7
16
What is -14 (base 9) in base 3?
-111
Convert -53 (base 7) to base 14.
-2a
Convert 2 (base 15) to base 6.
2
Convert 2 (base 7) to base 3.
2
What is 20 (base 16) in base 3?
1012
-1 (base 11) to base 5
-1
What is -100100 (base 2) in base 14?
-28
What is 2 (base 15) in base 7?
2
101 (base 2) to base 8
5
Convert 3 (base 5) to base 8.
3
What is 1 (base 6) in base 7?
1
What is -6 (base 12) in base 10?
-6
What is -1 (base 7) in base 8?
-1
5 (base 16) to base 3
12
What is 243 (base 13) in base 12?
289
-6 (base 7) to base 2
-110
What is 3 (base 7) in base 8?
3
What is 5 (base 11) in base 5?
10
0 (base 8) to base 10
0
0 (base 15) to base 5
0
Convert -11010000 (base 2) to base 9.
-251
0 (base 15) to base 7
0
What is -1b (base 12) in base 8?
-27
Convert 34 (base 10) to base 7.
46
Convert 177 (base 9) to base 10.
151
Convert -2110 (base 5) to base 12.
-1b4
1 (base 10) to base 15
1
-1112 (base 4) to base 10
-86
What is 0 (base 15) in base 8?
0
What is -11010 (base 2) in base 8?
-32
Convert -228 (base 9) to base 6.
-512
What is 15 (base 9) in base 7?
20
What is 104 (base 5) in base 10?
29
Convert -8 (base 12) to base 8.
-10
8 (base 9) to base 16
8
What is -10 (base 3) in base 9?
-3
Convert -2 (base 4) to base 11.
-2
What is 0 (base 14) in base 6?
0
-22 (base 9) to base 13
-17
Convert 2 (base 3) to base 8.
2
What is -1103 (base 4) in base 8?
-123
-3 (base 12) to base 6
-3
What is a (base 13) in base 4?
22
-3 (base 7) to base 9
-3
What is -11 (base 4) in base 8?
-5
What is 0 (base 8) in base 5?
0
Convert 64 (base 16) to base 4.
1210
What is -5 (base 6) in base 2?
-101
3 (base 7) to base 15
3
What is 7 (base 13) in base 12?
7
Convert 0 (base 12) to base 13.
0
What is -216 (base 13) in base 14?
-1b7
-9 (base 11) to base 3
-100
Convert 0 (base 8) to base 15.
0
Convert -5c (base 13) to base 2.
-1001101
What is -352 (base 8) in base 12?
-176
What is 2 (base 10) in base 11?
2
Convert 240 (base 7) to base 9.
150
19 (base 14) to base 6
35
What is -10 (base 2) in base 6?
-2
What is -20 (base 10) in base 6?
-32
Convert 62 (base 15) to base 9.
112
What is -31 (base 15) in base 13?
-37
Convert -167 (base 9) to base 13.
-ac
41 (base 7) to base 2
11101
-9 (base 16) to base 12
-9
Convert -4 (base 11) to base 4.
-10
113 (base 6) to base 11
41
What is 101 (base 5) in base 9?
28
1111 (base 3) to base 11
37
60 (base 10) to base 7
114
What is 4 (base 7) in base 8?
4
44 (base 10) to base 3
1122
2c (base 15) to base 7
60
What is 1c9 (base 13) in base 16?
14e
0 (base 3) to base 12
0
What is 144 (base 9) in base 13?
94
What is -4 (base 15) in base 2?
-100
Convert 0 (base 11) to base 5.
0
What is 52 (base 6) in base 16?
20
What is 10001 (base 3) in base 5?
312
15 (base 10) to base 8
17
What is 260 (base 8) in base 12?
128
1b (base 15) to base 16
1a
Convert 7 (base 15) to base 5.
12
Convert -1 (base 14) to base 4.
-1
What is 2 (base 12) in base 15?
2
3 (base 14) to base 12
3
What is 2010 (base 3) in base 15?
3c
Convert 2 (base 3) to base 10.
2
What is 7 (base 9) in base 4?
13
-1000 (base 3) to base 4
-123
Convert 15 (base 10) to base 4.
33
-155 (base 7) to base 15
-5e
What is 111 (base 2) in base 14?
7
-31 (base 11) to base 16
-22
Convert d0 (base 14) to base 13.
110
What is -3 (base 12) in base 2?
-11
What is 7 (base 10) in base 7?
10
What is 0 (base 16) in base 4?
0
What is 10 (base 3) in base 16?
3
-12 (base 13) to base 6
-23
Convert 8b (base 13) to base 12.
97
Convert -111 (base 2) to base 14.
-7
Convert -21200 (base 3) to base 11.
-179
What is 2 (base 7) in base 12?
2
What is -3 (base 8) in base 16?
-3
Convert 2 (base 4) to base 2.
10
Convert -110 (base 6) to base 2.
-101010
0 (base 11) to base 9
0
What is 4 (base 6) in base 11?
4
2 (base 3) to base 6
2
2 (base 5) to base 8
2
What is -1 (base 7) in base 14?
-1
What is -5 (base 6) in base 5?
-10
What is 7 (base 14) in base 9?
7
Convert 4 (base 11) to base 12.
4
Convert -7 (base 15) to base 12.
-7
Convert 5 (base 9) to base 5.
10
-14 (base 14) to base 7
-24
What is 97 (base 11) in base 12?
8a
416 (base 8) to base 2
100001110
Convert -8 (base 11) to base 8.
-10
Convert 373 (base 9) to base 15.
159
What is 13 (base 10) in base 4?
31
What is 1 (base 10) in base 4?
1
-40 (base 6) to base 13
-1b
-11 (base 3) to base 14
-4
-101 (base 2) to base 16
-5
134 (base 12) to base 13
112
Convert -5 (base 12) to base 8.
-5
What is 645 (base 8) in base 3?
120121
Convert 0 (base 13) to base 12.
0
-10112 (base 3) to base 7
-164
Convert 3 (base 7) to base 4.
3
Convert 2 (base 15) to base 4.
2
What is 4 (base 6) in base 15?
4
Convert -3 (base 13) to base 6.
-3
What is 11101010 (base 2) in base 6?
1030
What is 11000 (base 2) in base 14?
1a
1 (base 3) to base 12
1
Convert -3 (base 10) to base 7.
-3
